
Is 24506341 prime?
True
Is 40993699379 a prime number?
True
Is 17743065539 a prime number?
False
Is 21108066937 composite?
True
Is 101222270531 prime?
False
Is 3428827157 a composite number?
True
Is 288047533 a composite number?
True
Is 7283357657 a prime number?
True
Is 2139558157 composite?
True
Is 7736603393 prime?
False
Is 5711508607 a prime number?
False
Is 7073933501 prime?
True
Is 923088701 a prime number?
True
Is 3895304243 composite?
False
Is 38664063829 prime?
True
Is 5232879139 a composite number?
True
Is 206972567 a prime number?
False
Is 795203251 prime?
True
Is 793260745 prime?
False
Is 10060994959 a composite number?
False
Is 774183721 composite?
False
Is 1930977973 composite?
True
Is 2134494227 a composite number?
True
Is 1036909873 a prime number?
True
Is 25989884213 a composite number?
True
Is 995688791 prime?
False
Is 61862456273 a prime number?
True
Is 192626611 a composite number?
False
Is 4476073061 composite?
False
Is 5964445853 composite?
True
Is 1809387883 composite?
True
Is 299022457 prime?
False
Is 17525035823 composite?
False
Is 50614261 composite?
True
Is 366034733 composite?
False
Is 5529331 a composite number?
True
Is 6433460089 a prime number?
False
Is 5296030963 a composite number?
True
Is 373686317 composite?
True
Is 246091354811 a composite number?
True
Is 705254903 prime?
True
Is 4129987969 composite?
False
Is 495779827 a composite number?
False
Is 1291886719 a prime number?
True
Is 100896478081 composite?
True
Is 15196507313 a prime number?
False
Is 12324715019 composite?
False
Is 12713279837 prime?
True
Is 32306437061 a prime number?
False
Is 20604068623 composite?
True
Is 225003803137 prime?
False
Is 38316323 a composite number?
True
Is 3804114913 prime?
True
Is 75099047 a composite number?
True
Is 27928039 a composite number?
False
Is 3760349381 a prime number?
True
Is 1017764113 prime?
True
Is 1628946533 prime?
True
Is 2475651691 prime?
True
Is 2426929937 a prime number?
False
Is 28161892601 a composite number?
True
Is 6602949817 composite?
False
Is 82572103 prime?
True
Is 2287863989 a prime number?
True
Is 442542923 prime?
True
Is 2766200629 a prime number?
True
Is 2565236117 prime?
True
Is 27527560997 composite?
False
Is 618281263 prime?
False
Is 2401052839 composite?
True
Is 4775103139 prime?
False
Is 1433153509 composite?
True
Is 24691146603 prime?
False
Is 3320193127 prime?
True
Is 1548254647 a prime number?
True
Is 856646317 a composite number?
False
Is 199025461 prime?
True
Is 25226427203 prime?
False
Is 7254539899 a composite number?
False
Is 1770288823 composite?
True
Is 7337893415 a composite number?
True
Is 166218769 a composite number?
True
Is 515534849 a prime number?
False
Is 11896780667 composite?
True
Is 16363012709 composite?
True
Is 383050403 a prime number?
True
Is 3847630907 composite?
True
Is 2205449443 prime?
True
Is 13376471897 composite?
True
Is 10025541899 prime?
True
Is 5299158958 prime?
False
Is 32799293 composite?
True
Is 824776817 composite?
False
Is 318598559 composite?
True
Is 97056649 a prime number?
False
Is 30865865291 a composite number?
False
Is 154542035239 composite?
False
Is 194025151 a prime number?
False
Is 13669261 composite?
False
Is 15423948543 composite?
True
Is 4196989915 prime?
False
Is 1403917721 composite?
False
Is 13953113 a composite number?
True
Is 109876694857 a prime number?
False
Is 33667298213 composite?
False
Is 2787567019 composite?
True
Is 31193039 composite?
True
Is 2137863143 a prime number?
False
Is 2203496891 prime?
False
Is 2798953607 prime?
True
Is 212545199 a prime number?
False
Is 23013027167 prime?
False
Is 50619337693 a prime number?
True
Is 2740224521 composite?
False
Is 1012405313 composite?
True
Is 68565481 composite?
True
Is 8476535339 a prime number?
True
Is 4952300123 composite?
False
Is 165131428723 prime?
True
Is 10383829637 a composite number?
True
Is 43688917 a prime number?
True
Is 685098391 a composite number?
False
Is 328861740767 a prime number?
False
Is 19867353509 prime?
False
Is 241694639 a composite number?
True
Is 2298243457 a composite number?
False
Is 5305074337 composite?
True
Is 588688183 prime?
True
Is 21569101077 a prime number?
False
Is 109924207 a prime number?
False
Is 290310239 prime?
True
Is 8315594809 prime?
True
Is 2291562491 prime?
False
Is 53364200653 prime?
True
Is 1329636779 a composite number?
True
Is 935064809 prime?
False
Is 380194201 composite?
False
Is 2807715221 a prime number?
False
Is 21246169177 prime?
False
Is 4172166587 prime?
True
Is 5408830057 composite?
False
Is 10106561207 prime?
False
Is 86493462103 composite?
False
Is 85834815959 a prime number?
True
Is 14891289631 a composite number?
True
Is 1143332329 prime?
False
Is 786223267 composite?
True
Is 319762309 a prime number?
True
Is 82310779 prime?
True
Is 1669257743 a prime number?
True
Is 3648977 prime?
False
Is 218146219 composite?
False
Is 678577 a composite number?
False
Is 197499079 a prime number?
True
Is 8573646307 a prime number?
True
Is 42311990401 prime?
True
Is 49909919 a composite number?
False
Is 20292938129 prime?
True
Is 946544009 composite?
False
Is 113009279937 composite?
True
Is 5334877231 a prime number?
False
Is 24996199 prime?
False
Is 13936227541 prime?
True
Is 216706372037 prime?
True
Is 5876505407 prime?
False
Is 11465952853 prime?
True
Is 1157367677 composite?
True
Is 1651990859 prime?
True
Is 17679343633 a composite number?
True
Is 190942903883 composite?
True
Is 3728301791 a composite number?
False
Is 11974711219 a composite number?
False
Is 23124561773 a prime number?
False
Is 309488653 a prime number?
True
Is 39398194081 composite?
True
Is 536594189 composite?
False
Is 260462095 a prime number?
False
Is 9866512633 prime?
True
Is 3945533329 composite?
False
Is 2057283707 a composite number?
False
Is 2392219447 composite?
True
Is 1866764843 a composite number?
False
Is 87756671 composite?
False
Is 103670745617 prime?
True
Is 23681573 a prime number?
True
Is 11106759953 composite?
False
Is 605117627 a composite number?
False
Is 3409958801 a composite number?
True
Is 29574361 a composite number?
True
Is 327629371211 prime?
False
Is 2308697159 composite?
True
Is 8625506629 composite?
False
Is 322466989 prime?
False
Is 726499727 a prime number?
False
Is 4714029813 a composite number?
True
Is 9478293901 composite?
False
Is 1407467059 a composite number?
True
Is 5559699323 composite?
False
Is 995784373 prime?
False
Is 24465974179 a composite number?
True
Is 2719781279 a prime number?
True
Is 1379523943 a composite number?
True
Is 5832640117 prime?
True
Is 14967983 a prime number?
False
Is 226188682 composite?
True
Is 1747894069 a prime number?
True
Is 27124480841 prime?
True
Is 55273663879 a composite number?
True
Is 42075802277 prime?
True
Is 853319533 a prime number?
False
Is 299329171 a composite number?
True
Is 2165786209 a composite number?
False
Is 944614823 a composite number?
False
Is 20924130261 prime?
False
Is 8574758849 a composite number?
True
Is 558045233 a prime number?
True
Is 96593637199 a prime number?
True
Is 652145803 composite?
True
Is 1157876519 prime?
True
Is 12596144389 a composite number?
False
Is 23157760843 a composite number?
True
Is 191602633 a composite number?
False
Is 4816923671 prime?
False
Is 84762269 composite?
False
Is 10979093063 a prime number?
False
Is 4781171627 prime?
True
Is 1286124431 prime?
True
Is 63402429 a composite number?
True
Is 874361327 composite?
True
Is 2576109953 prime?
False
Is 17309365897 a prime number?
False
Is 10379585149 a prime number?
True
Is 8789356726 a prime number?
False
Is 176960389 composite?
False
Is 2500373081 composite?
True
Is 21062827561 a composite number?
False
Is 109988678771 composite?
False
Is 18171767501 prime?
False
Is 4093190267 composite?
True
Is 228916967 composite?
True
Is 4261180769 a prime number?
True
Is 1146856367 a prime number?
True
Is 36645551 a prime number?
True
Is 18876573629 a prime number?
False
Is 17152001 prime?
False
Is 4731287203 a composite number?
True
Is 5271888019 a composite number?
True
Is 100228543 a prime number?
True
Is 3692430587 composite?
True
Is 6309130451 composite?
True
Is 717456863 prime?
True
Is 3488521469 a composite number?
False
Is 2130813689 prime?
True
Is 46729882079 a prime number?
False